
2, 23, 103, 281, 479
What are the prime factors of 6443180230?
2, 5, 2953, 218191
List the prime factors of 94960118.
2, 11, 311, 13879
What are the prime factors of 37179702?
2, 3, 7, 41, 2399
What are the prime factors of 153460186?
2, 11, 23, 79, 349
What are the prime factors of 311421542?
2, 353, 441107
List the prime factors of 2722364463.
3, 7, 13, 1889, 5279
List the prime factors of 5863195.
5, 13, 90203
What are the prime factors of 2559669090?
2, 3, 5, 11, 17, 41479
What are the prime factors of 52104582?
2, 3, 499, 5801
What are the prime factors of 307999322?
2, 31, 37, 134263
What are the prime factors of 203896059?
3, 67965353
List the prime factors of 1313309333.
7, 107, 1753417
List the prime factors of 75685277.
67, 151, 7481
List the prime factors of 340456288.
2, 19, 29, 19309
List the prime factors of 17528425.
5, 53, 13229
List the prime factors of 108838761.
3, 103, 352229
List the prime factors of 1405624126.
2, 702812063
What are the prime factors of 70342365?
3, 5, 37, 126743
List the prime factors of 169492718.
2, 84746359
List the prime factors of 1248494620.
2, 5, 17, 31, 118453
List the prime factors of 234900302.
2, 7, 13, 907, 1423
List the prime factors of 404938831.
11, 139, 264839
List the prime factors of 89962293.
3, 29987431
List the prime factors of 24752361.
3, 8250787
What are the prime factors of 67886401?
11, 6171491
List the prime factors of 1850356019.
47, 39369277
What are the prime factors of 828972911?
13, 63767147
List the prime factors of 653076700.
2, 5, 41, 159287
List the prime factors of 142169391.
3, 7, 13, 4451
List the prime factors of 27605875.
5, 11, 17, 1181
List the prime factors of 1648350763.
283, 827, 7043
List the prime factors of 39058546.
2, 2393, 8161
List the prime factors of 174122253.
3, 19346917
What are the prime factors of 1610514436?
2, 61, 173, 38153
List the prime factors of 180116920.
2, 5, 1877, 2399
What are the prime factors of 111423606?
2, 3, 7, 2652943
What are the prime factors of 2703425301?
3, 2053, 5419
What are the prime factors of 2202804057?
3, 734268019
What are the prime factors of 254048702?
2, 4253, 29867
List the prime factors of 727927311.
3, 73, 3323869
List the prime factors of 640856508.
2, 3, 71, 223, 3373
What are the prime factors of 1262982127?
11, 114816557
List the prime factors of 1821394447.
1821394447
What are the prime factors of 64851056?
2, 17, 238423
What are the prime factors of 942803314?
2, 471401657
List the prime factors of 2787474515.
5, 7, 19, 317, 1889
List the prime factors of 587465245.
5, 7129, 16481
List the prime factors of 3142532944.
2, 196408309
What are the prime factors of 125118062?
2, 17, 1091, 3373
List the prime factors of 1628179376.
2, 37, 2750303
What are the prime factors of 579002158?
2, 7, 41357297
What are the prime factors of 1455807738?
2, 3, 7, 11, 101, 4457
What are the prime factors of 293060041?
293060041
What are the prime factors of 3257681?
7, 465383
What are the prime factors of 70101869?
1747, 40127
What are the prime factors of 1390597940?
2, 5, 23, 3023039
List the prime factors of 9820490023.
29, 338637587
What are the prime factors of 600284531?
7, 11, 1889, 4127
What are the prime factors of 218420144?
2, 23, 83, 7151
What are the prime factors of 58256936?
2, 31, 234907
What are the prime factors of 224038685?
5, 13, 53, 65033
List the prime factors of 96082639.
19, 41, 123341
List the prime factors of 98759475.
3, 5, 37, 11863
List the prime factors of 17589302.
2, 107, 82193
List the prime factors of 310068868.
2, 53, 1462589
List the prime factors of 1905537071.
1787, 1066333
List the prime factors of 2922899.
7, 59651
List the prime factors of 3059223636.
2, 3, 7, 97, 375457
List the prime factors of 63838714.
2, 31919357
What are the prime factors of 1256764911?
3, 191, 673, 3259
List the prime factors of 44576865.
3, 5, 330199
List the prime factors of 26605298.
2, 67, 367, 541
What are the prime factors of 412161099?
3, 7, 2803817
List the prime factors of 2625499761.
3, 37, 271, 87281
What are the prime factors of 975838325?
5, 7, 11, 506929
List the prime factors of 178596407.
11, 17, 955061
List the prime factors of 325051288.
2, 17, 227, 10529
What are the prime factors of 4714303200?
2, 3, 5, 37, 53089
List the prime factors of 3646307020.
2, 5, 4909, 37139
List the prime factors of 181322585.
5, 97, 373861
What are the prime factors of 1620460855?
5, 13, 3119, 7993
List the prime factors of 4021396622.
2, 107, 3469, 5417
What are the prime factors of 239434961?
239434961
List the prime factors of 149152999.
23, 6484913
List the prime factors of 2595673038.
2, 3, 7, 131, 471769
List the prime factors of 10079520.
2, 3, 5, 11, 23, 83
What are the prime factors of 1280590525?
5, 43, 1191247
List the prime factors of 226822067.
23, 71, 138899
List the prime factors of 12241794.
2, 3, 1087, 1877
What are the prime factors of 225498618?
2, 3, 1511, 8291
List the prime factors of 5412747833.
29, 109, 1712353
List the prime factors of 317688805.
5, 7, 1296689
List the prime factors of 25525478.
2, 11, 281, 4129
List the prime factors of 764624334.
2, 3, 17, 19, 41, 9623
What are the prime factors of 39850852?
2, 41, 43, 5651
List the prime factors of 6729263099.
13, 517635623
What are the prime factors of 375881959?
19, 19783261
List the prime factors of 63569316.
2, 3, 421, 12583
List the prime factors of 67338796.
2, 7, 2404957
List the prime factors of 1434919354.
2, 11, 23, 367, 7727
What are the prime factors of 238542034?
2, 37, 3223541
List the prime factors of 7993918.
2, 3996959
List the prime factors of 48183695.
5, 7, 17, 47, 1723
What are the prime factors of 1003345700?
2, 5, 7, 1433351
What are the prime factors of 1029328643?
7, 21006707
What are the prime factors of 1688819775?
3, 5, 22517597
What are the prime factors of 521784998?
2, 7, 37270357
What are the prime factors of 6721357?
71, 137, 691
List the prime factors of 45355384.
2, 5669423
What are the prime factors of 8731222?
2, 19, 229769
What are the prime factors of 499279724?
2, 8389, 14879
List the prime factors of 160507515.
3, 5, 7, 1528643
List the prime factors of 683030220.
2, 3, 5, 107, 106391
What are the prime factors of 639276976?
2, 13, 17, 13907
List the prime factors of 68711285.
5, 41, 571, 587
What are the prime factors of 1106242520?
2, 5, 3581, 7723
What are the prime factors of 797455695?
3, 5, 1789, 29717
What are the prime factors of 464349683?
7, 19, 269, 12979
What are the prime factors of 2673471888?
2, 3, 61, 304357
List the prime factors of 41100719.
11, 3736429
What are the prime factors of 93618276?
2, 3, 7801523
What are the prime factors of 1147268926?
2, 5573, 102931
List the prime factors of 42812882.
2, 7, 311, 9833
List the prime factors of 197313797.
79, 317, 7879
List the prime factors of 1878787413.
3, 69584719
List the prime factors of 268810584.
2, 3, 7, 359, 4457
List the prime factors of 1505088259.
7207, 208837
List the prime factors of 3279204573.
3, 6659, 164149
List the prime factors of 218847099.
3, 307, 237619
List the prime factors of 297229003.
17, 17484059
What are the prime factors of 1590500850?
2, 3, 5, 53, 200063
List the prime factors of 412795244.
2, 103198811
What are the prime factors of 82044490?
2, 5, 11, 745859
What are the prime factors of 1019594675?
5, 11, 3707617
What are the prime factors of 83848649?
41, 2045089
List the prime factors of 40691225.
5, 1627649
List the prime factors of 42733047.
3, 7, 290701
What are the prime factors of 848642145?
3, 5, 13, 89, 107, 457
List the prime factors of 63353567.
271, 233777
List the prime factors of 1790898576.
2, 3, 37310387
List the prime factors of 311634462.
2, 3, 51939077
List the prime factors of 607662656.
2, 151, 227, 277
List the prime factors of 1641587667.
3, 547195889
List the prime factors of 20437549.
11, 1857959
List the prime factors of 31945269.
3, 29, 599, 613
What are the prime factors of 2014609652?
2, 11, 23, 79, 113, 223
List the prime factors of 1595888023.
1595888023
What are the prime factors of 29986409?
29986409
List the prime factors of 168555654.
2, 3, 149, 6983
What are the prime factors of 116720917?
116720917
What are the prime factors of 420386958?
2, 3, 29, 80